{"id":64,"date":"2026-02-13T10:42:08","date_gmt":"2026-02-13T10:42:08","guid":{"rendered":"https:\/\/katharsis.ovh\/?page_id=64"},"modified":"2026-04-15T08:20:33","modified_gmt":"2026-04-15T08:20:33","slug":"sponsors","status":"publish","type":"page","link":"https:\/\/katharsis.ovh\/index.php\/sponsors\/","title":{"rendered":"Sponsors"},"content":{"rendered":"\n<p><strong>Un grand merci \u00e0 nos sponsors !<\/strong> <\/p>\n\n\n\n<p>C\u2019est gr\u00e2ce \u00e0 votre soutien et \u00e0 votre confiance que nous pouvons continuer \u00e0 grandir et \u00e0 r\u00e9aliser nos projets. <\/p>\n\n\n\n<p>Votre engagement \u00e0 nos c\u00f4t\u00e9s est pr\u00e9cieux et nous permet de fonctionner. Merci pour votre g\u00e9n\u00e9rosit\u00e9 et votre accompagnement !<\/p>\n\n\n\n<div class=\"wp-block-columns is-layout-flex wp-container-core-columns-is-layout-28f84493 wp-block-columns-is-layout-flex\">\n<div class=\"wp-block-column is-layout-flow wp-block-column-is-layout-flow\">\n<figure class=\"wp-block-image alignfull size-full\"><img loading=\"lazy\" decoding=\"async\" width=\"500\" height=\"183\" src=\"http:\/\/katharsis.ovh\/wp-content\/uploads\/2026\/02\/8gip83-27641853.png\" alt=\"\" class=\"wp-image-91\" srcset=\"https:\/\/katharsis.ovh\/wp-content\/uploads\/2026\/02\/8gip83-27641853.png 500w, https:\/\/katharsis.ovh\/wp-content\/uploads\/2026\/02\/8gip83-27641853-300x110.png 300w\" sizes=\"auto, (max-width: 500px) 100vw, 500px\" \/><\/figure>\n<\/div>\n\n\n\n<div class=\"wp-block-column is-layout-flow wp-block-column-is-layout-flow\">\n<figure class=\"wp-block-image alignfull size-full\"><img loading=\"lazy\" decoding=\"async\" width=\"746\" height=\"443\" src=\"https:\/\/katharsis.ovh\/wp-content\/uploads\/2026\/04\/monthey.jpg\" alt=\"\" class=\"wp-image-184\" srcset=\"https:\/\/katharsis.ovh\/wp-content\/uploads\/2026\/04\/monthey.jpg 746w, https:\/\/katharsis.ovh\/wp-content\/uploads\/2026\/04\/monthey-300x178.jpg 300w\" sizes=\"auto, (max-width: 746px) 100vw, 746px\" \/><\/figure>\n<\/div>\n<\/div>\n\n\n\n<div class=\"wp-block-columns is-layout-flex wp-container-core-columns-is-layout-28f84493 wp-block-columns-is-layout-flex\">\n<div class=\"wp-block-column is-layout-flow wp-block-column-is-layout-flow\">\n<figure class=\"wp-block-image alignfull size-large\"><img loading=\"lazy\" decoding=\"async\" width=\"1024\" height=\"152\" src=\"https:\/\/katharsis.ovh\/wp-content\/uploads\/2026\/04\/Raiffeisen_Logo_RGB-1-1024x152.png\" alt=\"\" class=\"wp-image-185\" srcset=\"https:\/\/katharsis.ovh\/wp-content\/uploads\/2026\/04\/Raiffeisen_Logo_RGB-1-1024x152.png 1024w, https:\/\/katharsis.ovh\/wp-content\/uploads\/2026\/04\/Raiffeisen_Logo_RGB-1-300x44.png 300w, https:\/\/katharsis.ovh\/wp-content\/uploads\/2026\/04\/Raiffeisen_Logo_RGB-1.png 2000w\" sizes=\"auto, (max-width: 1024px) 100vw, 1024px\" \/><\/figure>\n<\/div>\n\n\n\n<div class=\"wp-block-column is-layout-flow wp-block-column-is-layout-flow\">\n<figure class=\"wp-block-image alignfull size-full\"><img loading=\"lazy\" decoding=\"async\" width=\"1000\" height=\"462\" src=\"https:\/\/katharsis.ovh\/wp-content\/uploads\/2026\/04\/ift.png\" alt=\"\" class=\"wp-image-186\" srcset=\"https:\/\/katharsis.ovh\/wp-content\/uploads\/2026\/04\/ift.png 1000w, https:\/\/katharsis.ovh\/wp-content\/uploads\/2026\/04\/ift-300x139.png 300w\" sizes=\"auto, (max-width: 1000px) 100vw, 1000px\" \/><\/figure>\n<\/div>\n<\/div>\n\n\n\n<div class=\"wp-block-columns is-layout-flex wp-container-core-columns-is-layout-28f84493 wp-block-columns-is-layout-flex\">\n<div class=\"wp-block-column is-layout-flow wp-block-column-is-layout-flow\">\n<div class=\"wp-block-columns is-layout-flex wp-container-core-columns-is-layout-28f84493 wp-block-columns-is-layout-flex\">\n<div class=\"wp-block-column is-layout-flow wp-block-column-is-layout-flow\">\n<figure class=\"wp-block-image alignfull size-large\"><img loading=\"lazy\" decoding=\"async\" width=\"1024\" height=\"477\" src=\"https:\/\/katharsis.ovh\/wp-content\/uploads\/2026\/04\/Logo-AG-blanc-sur-fond-rouge-1-1024x477.jpg\" alt=\"\" class=\"wp-image-187\" srcset=\"https:\/\/katharsis.ovh\/wp-content\/uploads\/2026\/04\/Logo-AG-blanc-sur-fond-rouge-1-1024x477.jpg 1024w, https:\/\/katharsis.ovh\/wp-content\/uploads\/2026\/04\/Logo-AG-blanc-sur-fond-rouge-1-300x140.jpg 300w, https:\/\/katharsis.ovh\/wp-content\/uploads\/2026\/04\/Logo-AG-blanc-sur-fond-rouge-1.jpg 1548w\" sizes=\"auto, (max-width: 1024px) 100vw, 1024px\" \/><\/figure>\n<\/div>\n<\/div>\n<\/div>\n\n\n\n<div class=\"wp-block-column is-layout-flow wp-block-column-is-layout-flow\">\n<figure class=\"wp-block-image alignfull size-full\"><img loading=\"lazy\" decoding=\"async\" width=\"750\" height=\"231\" src=\"https:\/\/katharsis.ovh\/wp-content\/uploads\/2026\/04\/BCVS_Logo_Short_CMJK_2022-1.jpg\" alt=\"\" class=\"wp-image-188\" srcset=\"https:\/\/katharsis.ovh\/wp-content\/uploads\/2026\/04\/BCVS_Logo_Short_CMJK_2022-1.jpg 750w, https:\/\/katharsis.ovh\/wp-content\/uploads\/2026\/04\/BCVS_Logo_Short_CMJK_2022-1-300x92.jpg 300w\" sizes=\"auto, (max-width: 750px) 100vw, 750px\" \/><\/figure>\n<\/div>\n<\/div>\n\n\n\n<div class=\"wp-block-columns is-layout-flex wp-container-core-columns-is-layout-28f84493 wp-block-columns-is-layout-flex\">\n<div class=\"wp-block-column is-layout-flow wp-block-column-is-layout-flow\">\n<figure class=\"wp-block-image alignfull size-large\"><img loading=\"lazy\" decoding=\"async\" width=\"1024\" height=\"370\" src=\"http:\/\/katharsis.ovh\/wp-content\/uploads\/2026\/04\/Annonce_GuidettiSA-180x65-1-1024x370.jpg\" alt=\"\" class=\"wp-image-182\" srcset=\"https:\/\/katharsis.ovh\/wp-content\/uploads\/2026\/04\/Annonce_GuidettiSA-180x65-1-1024x370.jpg 1024w, https:\/\/katharsis.ovh\/wp-content\/uploads\/2026\/04\/Annonce_GuidettiSA-180x65-1-300x108.jpg 300w, https:\/\/katharsis.ovh\/wp-content\/uploads\/2026\/04\/Annonce_GuidettiSA-180x65-1-2000x722.jpg 2000w\" sizes=\"auto, (max-width: 1024px) 100vw, 1024px\" \/><\/figure>\n<\/div>\n\n\n\n<div class=\"wp-block-column is-layout-flow wp-block-column-is-layout-flow\"><\/div>\n<\/div>\n\n\n\n<p><\/p>\n","protected":false},"excerpt":{"rendered":"<p>Un grand merci \u00e0 nos sponsors ! C\u2019est gr\u00e2ce \u00e0 votre soutien et \u00e0 votre confiance que nous pouvons continuer \u00e0 grandir et \u00e0 r\u00e9aliser nos projets. Votre engagement \u00e0 nos c\u00f4t\u00e9s est pr\u00e9cieux et nous permet de fonctionner. Merci pour votre g\u00e9n\u00e9rosit\u00e9 et votre accompagnement !<\/p>\n","protected":false},"author":1,"featured_media":86,"parent":0,"menu_order":0,"comment_status":"closed","ping_status":"closed","template":"","meta":{"inspiro_hide_title":false,"footnotes":""},"class_list":["post-64","page","type-page","status-publish","has-post-thumbnail","hentry"],"_links":{"self":[{"href":"https:\/\/katharsis.ovh\/index.php\/wp-json\/wp\/v2\/pages\/64","targetHints":{"allow":["GET"]}}],"collection":[{"href":"https:\/\/katharsis.ovh\/index.php\/wp-json\/wp\/v2\/pages"}],"about":[{"href":"https:\/\/katharsis.ovh\/index.php\/wp-json\/wp\/v2\/types\/page"}],"author":[{"embeddable":true,"href":"https:\/\/katharsis.ovh\/index.php\/wp-json\/wp\/v2\/users\/1"}],"replies":[{"embeddable":true,"href":"https:\/\/katharsis.ovh\/index.php\/wp-json\/wp\/v2\/comments?post=64"}],"version-history":[{"count":13,"href":"https:\/\/katharsis.ovh\/index.php\/wp-json\/wp\/v2\/pages\/64\/revisions"}],"predecessor-version":[{"id":191,"href":"https:\/\/katharsis.ovh\/index.php\/wp-json\/wp\/v2\/pages\/64\/revisions\/191"}],"wp:featuredmedia":[{"embeddable":true,"href":"https:\/\/katharsis.ovh\/index.php\/wp-json\/wp\/v2\/media\/86"}],"wp:attachment":[{"href":"https:\/\/katharsis.ovh\/index.php\/wp-json\/wp\/v2\/media?parent=64"}],"curies":[{"name":"wp","href":"https:\/\/api.w.org\/{rel}","templated":true}]}}